s 224 a factor of 146048?
True
Is 10 a factor of 1296950?
True
Does 35 divide 215135?
False
Does 66 divide 77824?
False
Is 1273680 a multiple of 58?
True
Is 175536 a multiple of 36?
True
Does 16 divide 727232?
True
Is 28 a factor of 45556?
True
Does 105 divide 126420?
True
Does 13 divide 5428609?
False
Is 557477 a multiple of 333?
False
Is 48252 a multiple of 3?
True
Does 2 divide 119775?
False
Is 63 a factor of 378?
True
Is 199409 a multiple of 416?
False
Does 29 divide 2679368?
True
Is 5 a factor of 34963?
False
Is 80843 a multiple of 10?
False
Is 13 a factor of 19177239?
False
Is 107586 a multiple of 86?
True
Is 35 a factor of 1115275?
True
Is 17940 a multiple of 390?
True
Is 1701849 a multiple of 1387?
True
Does 1579 divide 8713759?
False
Is 16961133 a multiple of 83?
True
Is 31 a factor of 2473614?
True
Does 20 divide 4940?
True
Is 290 a factor of 10440?
True
Is 325 a factor of 3641625?
True
Is 4 a factor of 531416?
True
Does 7 divide 3041395?
True
Does 55 divide 64451?
False
Does 4 divide 69528?
True
Is 1817122 a multiple of 250?
False
Is 60376 a multiple of 652?
False
Does 93 divide 1443772?
False
Is 64 a factor of 1505472?
True
Is 4 a factor of 163492?
True
Is 48 a factor of 6757247?
False
Does 155 divide 81328?
False
Does 6 divide 41838?
True
Is 20 a factor of 3297340?
True
Is 102 a factor of 306918?
True
Does 117 divide 984192?
False
Does 29 divide 163589?
True
Is 124751 a multiple of 45?
False
Is 630195 a multiple of 15?
True
Is 297 a factor of 61214?
False
Is 124 a factor of 79930?
False
Is 1953526 a multiple of 32?
False
Does 106 divide 105152?
True
Does 72 divide 404871?
False
Is 2 a factor of 13574?
True
Is 365315 a multiple of 74?
False
Does 19 divide 49310?
False
Does 6 divide 6624?
True
Is 10 a factor of 1833345?
False
Does 170 divide 397561?
False
Does 9 divide 1073088?
True
Is 303 a factor of 2063733?
True
Is 206 a factor of 3450706?
True
Does 424 divide 4175629?
False
Is 330219 a multiple of 11?
False
Is 61 a factor of 214221?
False
Does 25 divide 324200?
True
Is 58 a factor of 138313?
False
Does 236 divide 80240?
True
Is 748 a factor of 360536?
True
Is 70176 a multiple of 408?
True
Is 53 a factor of 3779271?
True
Is 143 a factor of 214972?
False
Is 40408 a multiple of 4?
True
Is 11419254 a multiple of 147?
True
Does 361 divide 13283717?
True
Is 203 a factor of 235391?
False
Is 350880 a multiple of 85?
True
Does 9 divide 15255?
True
Is 18 a factor of 25110?
True
Is 4877274 a multiple of 142?
True
Is 22507 a multiple of 100?
False
Is 7553391 a multiple of 513?
False
Is 27 a factor of 1794871?
False
Is 41 a factor of 1398592?
True
Is 63 a factor of 629370?
True
Is 92 a factor of 192372?
True
Is 21 a factor of 287835?
False
Does 1415 divide 8830939?
False
Does 18 divide 37173?
False
Is 7625 a multiple of 17?
False
Is 4067970 a multiple of 18?
False
Is 86 a factor of 152419?
False
Is 494592 a multiple of 384?
True
Is 27890 a multiple of 12?
False
Is 6 a factor of 45929?
False
Does 35 divide 9910355?
True
Is 287600 a multiple of 100?
True
Does 27 divide 82782?
True
Does 165 divide 135805?
False
Is 98 a factor of 4374462?
False
Does 486 divide 1295190?
True
Is 32 a factor of 123878?
False
Is 81 a factor of 6833689?
False
Is 628 a factor of 126228?
True
Does 289 divide 590716?
True
Is 252 a factor of 3618972?
True
Does 29 divide 2351436?
True
Does 16 divide 372720?
True
Is 12517897 a multiple of 86?
False
Does 82 divide 5822?
True
Does 69 divide 723810?
True
Does 28 divide 211848?
True
Does 127 divide 2858212?
False
Is 24 a factor of 18384?
True
Does 45 divide 1050165?
True
Is 85909 a multiple of 50?
False
Does 13 divide 7402432?
False
Does 10 divide 568000?
True
Does 562 divide 3207021?
False
Is 851199 a multiple of 956?
False
Does 7 divide 282191?
True
Is 360 a factor of 104045?
False
Is 16014 a multiple of 17?
True
Is 211 a factor of 191588?
True
Is 2419821 a multiple of 286?
False
Is 1509513 a multiple of 23?
True
Is 437 a factor of 2980213?
False
Is 65490 a multiple of 59?
True
Is 61 a factor of 486231?
True
Does 155 divide 1828845?
True
Is 565257 a multiple of 77?
True
Is 298 a factor of 1070244?
False
Does 53 divide 145838?
False
Is 4 a factor of 71344?
True
Is 38 a factor of 208110?
False
Is 12043786 a multiple of 289?
True
Is 61 a factor of 3373544?
True
Is 49 a factor of 12773?
False
Is 78871 a multiple of 12?
False
Is 632772 a multiple of 84?
True
Does 97 divide 138947?
False
Is 139 a factor of 1520842?
False
Is 3362364 a multiple of 18?
True
Is 53 a factor of 1646664?
False
Is 6636720 a multiple of 40?
True
Is 17 a factor of 1710384?
False
Is 202370 a multiple of 168?
False
Is 45 a factor of 2304233?
False
Is 26 a factor of 1632904?
True
Is 546216 a multiple of 8?
True
Is 64 a factor of 147384?
False
Does 110 divide 11186955?
False
Is 10454688 a multiple of 10?
False
Is 7882844 a multiple of 133?
False
Is 14 a factor of 1053746?
False
Is 63053 even?
False
Does 253 divide 5460651?
False
Does 295 divide 1952047?
False
Is 165 a factor of 319364?
False
Does 31 divide 658037?
True
Is 177 a factor of 27182?
False
Does 20 divide 929966?
False
Is 535287 a multiple of 376?
False
Is 688145 a multiple of 601?
True
Is 904 a factor of 12785851?
False
Is 112 a factor of 521?
False
Is 71 a factor of 151318?
False
Is 27568 a multiple of 8?
True
Does 108 divide 72900?
True
Is 27684 a multiple of 65?
False
Is 9 a factor of 2067100?
False
Does 359 divide 544603?
True
Is 276639 a multiple of 11?
True
Is 784973 a multiple of 659?
False
Is 344 a factor of 1139322?
False
Does 29 divide 1368761?
False
Is 169 a factor of 18246714?
False
Does 946 divide 10462760?
True
Is 242 a factor of 172852?
False
Is 3218832 a multiple of 432?
True
Is 27 a factor of 505767?
False
Does 15 divide 319860?
True
Is 265 a factor of 204001?
False
Does 56 divide 95424?
True
Is 37 a factor of 113773?
False
Is 224214 a multiple of 8?
False
Is 72 a factor of 43416?
True
Is 12 a factor of 10303?
False
Does 362 divide 204431?
False
Is 59 a factor of 46610?
True
Is 1906000 a multiple of 4?
True
Is 363 a factor of 141838?
False
Is 605569 a multiple of 187?
False
Is 30 a factor of 218970?
True
Is 263672 a multiple of 21?
False
Does 430 divide 1157560?
True
Is 2 a factor of 91?
False
Is 185055 a multiple of 40?
False
Is 3482642 a multiple of 170?
False
Is 44480 a multiple of 40?
True
Does 9 divide 3674340?
True
Is 128 a factor of 606080?
True
Is 1639 a factor of 9147763?
False
Is 14 a factor of 21252?
True
Is 1227854 a multiple of 448?
False
Does 106 divide 1686457?
False
Is 37274 a multiple of 3?
False
Is 2078999 a multiple of 13?
True
Is 180480 a multiple of 65?
False
Is 71 a factor of 170781?
False
Does 92 divide 1968892?
True
Does 5 divide 1504842?
False
Does 237 divide 3450720?
True
Is 3 a factor of 266307?
True
Is 3 a factor of 217851?
True
Does 42 divide 89460?
True
Is 4 a factor of 1064556?
True
Is 2499897 a multiple of 79?
False
Is 29680 a multiple of 112?
True
Is 7 a factor of 147479?
False
Is 1902276 a multiple of 280?
False
Is 159 a factor of 475551?
False
Is 11430362 a multiple of 38?
True
Does 12 divide 475984?
False
Is 84 a factor of 138180?
True
Is 1037586 a multiple of 398?
True
Is 412 a factor of 238960?
True
Is 1709680 a multiple of 1204?
True
Is 172620 a multiple of 6?
True
Is 8471774 a multiple of 86?
True
Does 10 divide 1709513?
False
Is 7548370 a multiple of 23?
True
Is 2872 a factor of 31667070?
False
Does 16 divide 2389659?
False
Is 1360 a multiple of 68?
True
Is 5819412 a multiple of 11?
False
Is 2042912 a multiple of 189?
False
Does 129 divide 22788495?
True
Is 6767 a multiple of 6?
False
Is 3 a factor of 1228262?
False
Does 176 divide 45760?
True
Does 450 divide 1015634?
False
Does 227 divide 68412?
False
Does 89 divide 11640310?
True
Is 47 a factor of 540492?
False
Is 30 a factor of 458220?
True
Does 16 divide 536712?
False
Does 24 divide 2817624?
True
Is 72030 a multiple of 102?
False
Is 10 a factor of 144990?
True
Does 3 divide 31041?
True
Is 23 a factor of 131640?
False
Does 24 divide 700107?
False
Is 20 a factor of 151788?
False
Is 410 a factor of 666660?
True
Does 633 divide 1505058?
False
Is 1834287 a multiple of 273?
True
Is 1559189 a multiple of 697?
True
Is 2714190 a multiple of 30?
True
Does 10 divide 426110?
True
Is 754990 a mult